{"id":108,"date":"2019-10-06T23:33:42","date_gmt":"2019-10-06T21:33:42","guid":{"rendered":"http:\/\/objectif-inclusion-decines.com\/?page_id=108"},"modified":"2021-12-14T13:15:49","modified_gmt":"2021-12-14T12:15:49","slug":"inclusif-decines","status":"publish","type":"page","link":"https:\/\/objectif-inclusion-decines.com\/index.php\/inclusif-decines\/","title":{"rendered":"DECINES INCLUSIF"},"content":{"rendered":"<p>[vc_row tm_bgimagefixed=\u00a0\u00bb\u00a0\u00bb css=\u00a0\u00bb.vc_custom_1639484146973{padding-top: 50px !important;}\u00a0\u00bb][vc_column][vc_column_text]L&rsquo;Agence R\u00e9gionale de Sant\u00e9 et la M\u00e9tropole de Lyon soutiennent les op\u00e9rateurs du multip\u00f4le de D\u00e9cines-Charpieu pour exp\u00e9rimenter un mod\u00e8le m\u00e9dico-social conforme aux attentes du label \u00ab\u00a0Territoire 100 % inclusif\u00a0\u00bb, accord\u00e9 par le Secr\u00e9tariat d\u2019\u00c9tat charg\u00e9 des personnes handicap\u00e9es. L&rsquo;ambition est de lutter contre les ruptures de parcours des personnes en situation de handicap, en identifiant les conditions de r\u00e9ussite, les bonnes pratiques et les freins \u00e0 la r\u00e9alisation de la soci\u00e9t\u00e9 inclusive.<\/p>\n<p><strong>Ici se construit la ville 100% inclusive<\/strong><\/p>\n<p>Riche de son pass\u00e9 industriel, fa\u00e7onn\u00e9e par sa population aux origines multiculturelles, la ville de D\u00e9cines-Charpieu porte dans ses racines des valeurs <b>humanistes<\/b>, de <b>solidarit\u00e9<\/b> et de <b>partage<\/b>.<\/p>\n<p>A D\u00e9cines-Charpieu, se dessine un <b>mod\u00e8le<\/b> d<b>\u2019inclusion<\/b> cr\u00e9ant de nouvelles formes de dialogue entre <b>citoyens<\/b>, <b>usagers<\/b>, personnels du <b>secteur du m\u00e9dico-social<\/b>, entreprises publiques, entreprises priv\u00e9es, commer\u00e7ants, professionnels de la culture.[\/vc_column_text][vc_row_inner][vc_column_inner width=\u00a0\u00bb1\/5&Prime;][vc_single_image image=\u00a0\u00bb25&Prime; onclick=\u00a0\u00bbcustom_link\u00a0\u00bb img_link_target=\u00a0\u00bb_blank\u00a0\u00bb link=\u00a0\u00bbhttps:\/\/www.fondation-ove.fr\/\u00a0\u00bb][\/vc_column_inner][vc_column_inner width=\u00a0\u00bb1\/5&Prime;][vc_single_image image=\u00a0\u00bb29&Prime; onclick=\u00a0\u00bbcustom_link\u00a0\u00bb img_link_target=\u00a0\u00bb_blank\u00a0\u00bb link=\u00a0\u00bbhttps:\/\/www.maison-retraite-morlot.fr\/\u00a0\u00bb][\/vc_column_inner][vc_column_inner width=\u00a0\u00bb1\/5&Prime;][vc_single_image image=\u00a0\u00bb171&Prime; onclick=\u00a0\u00bbcustom_link\u00a0\u00bb img_link_target=\u00a0\u00bb_blank\u00a0\u00bb link=\u00a0\u00bbhttp:\/\/www.em2c.com\/\u00a0\u00bb][\/vc_column_inner][vc_column_inner width=\u00a0\u00bb1\/5&Prime;][vc_single_image image=\u00a0\u00bb253&Prime; img_size=\u00a0\u00bb\u00a0\u00bb onclick=\u00a0\u00bbcustom_link\u00a0\u00bb img_link_target=\u00a0\u00bb_blank\u00a0\u00bb link=\u00a0\u00bbhttp:\/\/apajh.org\/index.php\u00a0\u00bb el_class=\u00a0\u00bblogo-acteur\u00a0\u00bb][\/vc_column_inner][vc_column_inner width=\u00a0\u00bb1\/5&Prime;][vc_single_image image=\u00a0\u00bb200&Prime; onclick=\u00a0\u00bbcustom_link\u00a0\u00bb img_link_target=\u00a0\u00bb_blank\u00a0\u00bb link=\u00a0\u00bbhttps:\/\/mengrov.com\/\u00a0\u00bb][\/vc_column_inner][\/vc_row_inner][vc_row_inner][vc_column_inner width=\u00a0\u00bb1\/5&Prime;][vc_single_image image=\u00a0\u00bb328&Prime; img_size=\u00a0\u00bb\u00a0\u00bb onclick=\u00a0\u00bbcustom_link\u00a0\u00bb img_link_target=\u00a0\u00bb_blank\u00a0\u00bb link=\u00a0\u00bbhttps:\/\/www.ars.sante.fr\/\u00a0\u00bb el_class=\u00a0\u00bblogo-acteur\u00a0\u00bb][\/vc_column_inner][vc_column_inner width=\u00a0\u00bb1\/5&Prime;][vc_single_image image=\u00a0\u00bb194&Prime; onclick=\u00a0\u00bbcustom_link\u00a0\u00bb img_link_target=\u00a0\u00bb_blank\u00a0\u00bb link=\u00a0\u00bbhttps:\/\/www.grandlyon.com\/\u00a0\u00bb][\/vc_column_inner][vc_column_inner width=\u00a0\u00bb1\/5&Prime;][vc_single_image image=\u00a0\u00bb27&Prime; onclick=\u00a0\u00bbcustom_link\u00a0\u00bb img_link_target=\u00a0\u00bb_blank\u00a0\u00bb link=\u00a0\u00bbhttps:\/\/www.decines.fr\/\u00a0\u00bb][\/vc_column_inner][vc_column_inner width=\u00a0\u00bb1\/5&Prime;][vc_single_image image=\u00a0\u00bb13&Prime; onclick=\u00a0\u00bbcustom_link\u00a0\u00bb img_link_target=\u00a0\u00bb_blank\u00a0\u00bb link=\u00a0\u00bbhttp:\/\/www.essse.fr\/\u00a0\u00bb][\/vc_column_inner][vc_column_inner width=\u00a0\u00bb1\/5&Prime;][vc_single_image image=\u00a0\u00bb28&Prime; onclick=\u00a0\u00bbcustom_link\u00a0\u00bb img_link_target=\u00a0\u00bb_blank\u00a0\u00bb link=\u00a0\u00bbhttps:\/\/www.ars.sante.fr\/\u00a0\u00bb][\/vc_column_inner][\/vc_row_inner][vc_row_inner content_placement=\u00a0\u00bbmiddle\u00a0\u00bb][vc_column_inner width=\u00a0\u00bb1\/4&Prime;][vc_single_image image=\u00a0\u00bb24&Prime; onclick=\u00a0\u00bbcustom_link\u00a0\u00bb img_link_target=\u00a0\u00bb_blank\u00a0\u00bb link=\u00a0\u00bbhttps:\/\/www.grandlyon.com\/\u00a0\u00bb][\/vc_column_inner][vc_column_inner width=\u00a0\u00bb1\/4&Prime;][vc_single_image image=\u00a0\u00bb10&Prime; onclick=\u00a0\u00bbcustom_link\u00a0\u00bb img_link_target=\u00a0\u00bb_blank\u00a0\u00bb link=\u00a0\u00bbhttps:\/\/www.decines-charpieu.fr\/\u00a0\u00bb][\/vc_column_inner][vc_column_inner width=\u00a0\u00bb1\/4&Prime;][vc_single_image image=\u00a0\u00bb670&Prime; img_size=\u00a0\u00bbmedium\u00a0\u00bb el_class=\u00a0\u00bblogo-acteur2&Prime;][\/vc_column_inner][vc_column_inner width=\u00a0\u00bb1\/4&Prime;][vc_single_image image=\u00a0\u00bb669&Prime; img_size=\u00a0\u00bbmedium\u00a0\u00bb el_class=\u00a0\u00bblogo-acteur2&Prime;][\/vc_column_inner][\/vc_row_inner][\/vc_column][\/vc_row][vc_row tm_bgimagefixed=\u00a0\u00bb\u00a0\u00bb][vc_column]\n\t\t<div class=\"tm-vc_btn3-container tm-vc_btn3-center\"><a class=\"tm-vc_general tm-vc_btn3 tm-vc_btn3-size-md tm-vc_btn3-shape-round tm-vc_btn3-style-flat tm-vc_btn3-weight-no tm-vc_btn3-color-skincolor\" href=\"https:\/\/drive.google.com\/open?id=1CVeyzhDRLqvoBDvsk9xq8oWMkOWPsWNt\" title=\"\" target=\"_blank\">Lire le courrier de labellisation de la M\u00e9tropole de Lyon<\/a><\/div><h2 style=\"text-align:left;\" class=\"tm-custom-heading \" >Le projet Urbain<\/h2>\n[vc_column_text]<\/p>\n<p class=\"p1\"><span class=\"s1\">En 2012, le groupe\u00a0<b>EM2C<\/b>, la\u00a0<b>M\u00e9tropole de Lyon<\/b> et la ville de D\u00e9cines-Charpieu s\u2019engagent dans la reconversion de la friche industrielle Arkemis pour y construire une nouvelle entr\u00e9e ouest pour la ville. Ce projet urbain d\u2019envergure, baptis\u00e9 <a href=\"https:\/\/www.d-side-decines.com\/\" target=\"_blank\" rel=\"noopener\"><b>D-Side<\/b><\/a>, comprend 3 hectares d\u00e9di\u00e9s \u00e0 des structures\u00a0<b>m\u00e9dico-sociales<\/b>, 11 hectares r\u00e9serv\u00e9s \u00e0 l\u2019implantation d\u2019activit\u00e9s \u00e9conomiques et mixtes.<\/span><\/p>\n<p class=\"p2\"><span class=\"s1\">Plusieurs\u00a0<b>organisations m\u00e9dico-sociales<\/b>\u00a0s\u2019y implantent d\u00e8s 2017:\u00a0<b>EHPAD Morlot<\/b>,\u00a0<b>MAS<span class=\"Apple-converted-space\">\u00a0\u00a0<\/span>Michel Chapuis<\/b>\u00a0et\u00a0<b>DEAT 69<\/b>\u00a0op\u00e9r\u00e9s par la\u00a0<b>Fondation OVE<\/b>.<\/span><\/p>\n<p class=\"p2\"><span class=\"s1\">Le\u00a0<b>projet urbain<\/b>\u00a0D-Side a pour objectif de favoriser un d\u00e9veloppement\u00a0<b>coh\u00e9rent<\/b>\u00a0sur le long terme, qui garantira un v\u00e9ritable\u00a0<b>lieu d\u2019accueil<\/b>, de travail et de vie. Pour tous, porteurs ou non de handicap, pour tous les \u00e2ges, pour tous les acteurs de la cit\u00e9.<\/span><\/p>\n<p>[\/vc_column_text]\n\t\t<div class=\"tm-vc_btn3-container tm-vc_btn3-center\"><a class=\"tm-vc_general tm-vc_btn3 tm-vc_btn3-size-md tm-vc_btn3-shape-round tm-vc_btn3-style-flat tm-vc_btn3-weight-no tm-vc_btn3-color-skincolor\" href=\"https:\/\/www.d-side-decines.com\/\" title=\"\" target=\"_blank\">D\u00e9couvrez le projet D-Side<\/a><\/div>[vc_single_image image=\u00a0\u00bb54&Prime; img_size=\u00a0\u00bbfull\u00a0\u00bb alignment=\u00a0\u00bbcenter\u00a0\u00bb][\/vc_column][\/vc_row]<\/p>\n","protected":false},"excerpt":{"rendered":"<p>[vc_row tm_bgimagefixed=\u00a0\u00bb\u00a0\u00bb css=\u00a0\u00bb.vc_custom_1639484146973{padding-top: 50px !important;}\u00a0\u00bb][vc_column][vc_column_text]L&rsquo;Agence R\u00e9gionale de Sant\u00e9 et la M\u00e9tropole de Lyon soutiennent les op\u00e9rateurs du multip\u00f4le de D\u00e9cines-Charpieu pour exp\u00e9rimenter un mod\u00e8le m\u00e9dico-social conforme aux attentes du label \u00ab\u00a0Territoire 100 % inclusif\u00a0\u00bb, accord\u00e9 par le Secr\u00e9tariat d\u2019\u00c9tat charg\u00e9 des personnes handicap\u00e9es. L&rsquo;ambition est de lutter contre les ruptures de parcours des personnes en &hellip; <a href=\"https:\/\/objectif-inclusion-decines.com\/index.php\/inclusif-decines\/\" class=\"more-link\">Continue reading <span class=\"screen-reader-text\">DECINES INCLUSIF<\/span><\/a><\/p>\n","protected":false},"author":1,"featured_media":0,"parent":0,"menu_order":0,"comment_status":"closed","ping_status":"closed","template":"","meta":{"_uag_custom_page_level_css":"","footnotes":""},"class_list":["post-108","page","type-page","status-publish","hentry"],"yoast_head":"<!-- This site is optimized with the Yoast SEO plugin v27.4 - https:\/\/yoast.com\/product\/yoast-seo-wordpress\/ -->\n<title>DECINES INCLUSIF - Objectif Inclusion D\u00e9cines<\/title>\n<meta name=\"robots\" content=\"index, follow, max-snippet:-1, max-image-preview:large, max-video-preview:-1\" \/>\n<link rel=\"canonical\" href=\"https:\/\/objectif-inclusion-decines.com\/index.php\/inclusif-decines\/\" \/>\n<meta property=\"og:locale\" content=\"fr_FR\" \/>\n<meta property=\"og:type\" content=\"article\" \/>\n<meta property=\"og:title\" content=\"DECINES INCLUSIF - Objectif Inclusion D\u00e9cines\" \/>\n<meta property=\"og:description\" content=\"[vc_row tm_bgimagefixed=\u00a0\u00bb\u00a0\u00bb css=\u00a0\u00bb.vc_custom_1639484146973{padding-top: 50px !important;}\u00a0\u00bb][vc_column][vc_column_text]L&rsquo;Agence R\u00e9gionale de Sant\u00e9 et la M\u00e9tropole de Lyon soutiennent les op\u00e9rateurs du multip\u00f4le de D\u00e9cines-Charpieu pour exp\u00e9rimenter un mod\u00e8le m\u00e9dico-social conforme aux attentes du label \u00ab\u00a0Territoire 100 % inclusif\u00a0\u00bb, accord\u00e9 par le Secr\u00e9tariat d\u2019\u00c9tat charg\u00e9 des personnes handicap\u00e9es. L&rsquo;ambition est de lutter contre les ruptures de parcours des personnes en &hellip; Continue reading DECINES INCLUSIF\" \/>\n<meta property=\"og:url\" content=\"https:\/\/objectif-inclusion-decines.com\/index.php\/inclusif-decines\/\" \/>\n<meta property=\"og:site_name\" content=\"Objectif Inclusion D\u00e9cines\" \/>\n<meta property=\"article:modified_time\" content=\"2021-12-14T12:15:49+00:00\" \/>\n<meta name=\"twitter:card\" content=\"summary_large_image\" \/>\n<meta name=\"twitter:label1\" content=\"Dur\u00e9e de lecture estim\u00e9e\" \/>\n\t<meta name=\"twitter:data1\" content=\"4 minutes\" \/>\n<script type=\"application\/ld+json\" class=\"yoast-schema-graph\">{\"@context\":\"https:\\\/\\\/schema.org\",\"@graph\":[{\"@type\":\"WebPage\",\"@id\":\"https:\\\/\\\/objectif-inclusion-decines.com\\\/index.php\\\/inclusif-decines\\\/\",\"url\":\"https:\\\/\\\/objectif-inclusion-decines.com\\\/index.php\\\/inclusif-decines\\\/\",\"name\":\"DECINES INCLUSIF - Objectif Inclusion D\u00e9cines\",\"isPartOf\":{\"@id\":\"https:\\\/\\\/objectif-inclusion-decines.com\\\/#website\"},\"datePublished\":\"2019-10-06T21:33:42+00:00\",\"dateModified\":\"2021-12-14T12:15:49+00:00\",\"breadcrumb\":{\"@id\":\"https:\\\/\\\/objectif-inclusion-decines.com\\\/index.php\\\/inclusif-decines\\\/#breadcrumb\"},\"inLanguage\":\"fr-FR\",\"potentialAction\":[{\"@type\":\"ReadAction\",\"target\":[\"https:\\\/\\\/objectif-inclusion-decines.com\\\/index.php\\\/inclusif-decines\\\/\"]}]},{\"@type\":\"BreadcrumbList\",\"@id\":\"https:\\\/\\\/objectif-inclusion-decines.com\\\/index.php\\\/inclusif-decines\\\/#breadcrumb\",\"itemListElement\":[{\"@type\":\"ListItem\",\"position\":1,\"name\":\"Accueil\",\"item\":\"https:\\\/\\\/objectif-inclusion-decines.com\\\/\"},{\"@type\":\"ListItem\",\"position\":2,\"name\":\"DECINES INCLUSIF\"}]},{\"@type\":\"WebSite\",\"@id\":\"https:\\\/\\\/objectif-inclusion-decines.com\\\/#website\",\"url\":\"https:\\\/\\\/objectif-inclusion-decines.com\\\/\",\"name\":\"Objectif Inclusion D\u00e9cines\",\"description\":\"Objectif Inclusion D\u00e9cines\",\"potentialAction\":[{\"@type\":\"SearchAction\",\"target\":{\"@type\":\"EntryPoint\",\"urlTemplate\":\"https:\\\/\\\/objectif-inclusion-decines.com\\\/?s={search_term_string}\"},\"query-input\":{\"@type\":\"PropertyValueSpecification\",\"valueRequired\":true,\"valueName\":\"search_term_string\"}}],\"inLanguage\":\"fr-FR\"}]}<\/script>\n<!-- \/ Yoast SEO plugin. -->","yoast_head_json":{"title":"DECINES INCLUSIF - Objectif Inclusion D\u00e9cines","robots":{"index":"index","follow":"follow","max-snippet":"max-snippet:-1","max-image-preview":"max-image-preview:large","max-video-preview":"max-video-preview:-1"},"canonical":"https:\/\/objectif-inclusion-decines.com\/index.php\/inclusif-decines\/","og_locale":"fr_FR","og_type":"article","og_title":"DECINES INCLUSIF - Objectif Inclusion D\u00e9cines","og_description":"[vc_row tm_bgimagefixed=\u00a0\u00bb\u00a0\u00bb css=\u00a0\u00bb.vc_custom_1639484146973{padding-top: 50px !important;}\u00a0\u00bb][vc_column][vc_column_text]L&rsquo;Agence R\u00e9gionale de Sant\u00e9 et la M\u00e9tropole de Lyon soutiennent les op\u00e9rateurs du multip\u00f4le de D\u00e9cines-Charpieu pour exp\u00e9rimenter un mod\u00e8le m\u00e9dico-social conforme aux attentes du label \u00ab\u00a0Territoire 100 % inclusif\u00a0\u00bb, accord\u00e9 par le Secr\u00e9tariat d\u2019\u00c9tat charg\u00e9 des personnes handicap\u00e9es. L&rsquo;ambition est de lutter contre les ruptures de parcours des personnes en &hellip; Continue reading DECINES INCLUSIF","og_url":"https:\/\/objectif-inclusion-decines.com\/index.php\/inclusif-decines\/","og_site_name":"Objectif Inclusion D\u00e9cines","article_modified_time":"2021-12-14T12:15:49+00:00","twitter_card":"summary_large_image","twitter_misc":{"Dur\u00e9e de lecture estim\u00e9e":"4 minutes"},"schema":{"@context":"https:\/\/schema.org","@graph":[{"@type":"WebPage","@id":"https:\/\/objectif-inclusion-decines.com\/index.php\/inclusif-decines\/","url":"https:\/\/objectif-inclusion-decines.com\/index.php\/inclusif-decines\/","name":"DECINES INCLUSIF - Objectif Inclusion D\u00e9cines","isPartOf":{"@id":"https:\/\/objectif-inclusion-decines.com\/#website"},"datePublished":"2019-10-06T21:33:42+00:00","dateModified":"2021-12-14T12:15:49+00:00","breadcrumb":{"@id":"https:\/\/objectif-inclusion-decines.com\/index.php\/inclusif-decines\/#breadcrumb"},"inLanguage":"fr-FR","potentialAction":[{"@type":"ReadAction","target":["https:\/\/objectif-inclusion-decines.com\/index.php\/inclusif-decines\/"]}]},{"@type":"BreadcrumbList","@id":"https:\/\/objectif-inclusion-decines.com\/index.php\/inclusif-decines\/#breadcrumb","itemListElement":[{"@type":"ListItem","position":1,"name":"Accueil","item":"https:\/\/objectif-inclusion-decines.com\/"},{"@type":"ListItem","position":2,"name":"DECINES INCLUSIF"}]},{"@type":"WebSite","@id":"https:\/\/objectif-inclusion-decines.com\/#website","url":"https:\/\/objectif-inclusion-decines.com\/","name":"Objectif Inclusion D\u00e9cines","description":"Objectif Inclusion D\u00e9cines","potentialAction":[{"@type":"SearchAction","target":{"@type":"EntryPoint","urlTemplate":"https:\/\/objectif-inclusion-decines.com\/?s={search_term_string}"},"query-input":{"@type":"PropertyValueSpecification","valueRequired":true,"valueName":"search_term_string"}}],"inLanguage":"fr-FR"}]}},"uagb_featured_image_src":{"full":false,"thumbnail":false,"medium":false,"medium_large":false,"large":false,"1536x1536":false,"2048x2048":false,"themetechmount-img-blog":false,"themetechmount-img-blog-left":false,"themetechmount-img-blog-top":false,"themetechmount-img-portfolio":false,"themetechmount-img-team-member":false},"uagb_author_info":{"display_name":"AdminDecines","author_link":"https:\/\/objectif-inclusion-decines.com\/index.php\/author\/admindecines\/"},"uagb_comment_info":0,"uagb_excerpt":"[vc_row tm_bgimagefixed=\u00a0\u00bb\u00a0\u00bb css=\u00a0\u00bb.vc_custom_1639484146973{padding-top: 50px !important;}\u00a0\u00bb][vc_column][vc_column_text]L&rsquo;Agence R\u00e9gionale de Sant\u00e9 et la M\u00e9tropole de Lyon soutiennent les op\u00e9rateurs du multip\u00f4le de D\u00e9cines-Charpieu pour exp\u00e9rimenter un mod\u00e8le m\u00e9dico-social conforme aux attentes du label \u00ab\u00a0Territoire 100 % inclusif\u00a0\u00bb, accord\u00e9 par le Secr\u00e9tariat d\u2019\u00c9tat charg\u00e9 des personnes handicap\u00e9es. L&rsquo;ambition est de lutter contre les ruptures de parcours des personnes en\u2026","_links":{"self":[{"href":"https:\/\/objectif-inclusion-decines.com\/index.php\/wp-json\/wp\/v2\/pages\/108","targetHints":{"allow":["GET"]}}],"collection":[{"href":"https:\/\/objectif-inclusion-decines.com\/index.php\/wp-json\/wp\/v2\/pages"}],"about":[{"href":"https:\/\/objectif-inclusion-decines.com\/index.php\/wp-json\/wp\/v2\/types\/page"}],"author":[{"embeddable":true,"href":"https:\/\/objectif-inclusion-decines.com\/index.php\/wp-json\/wp\/v2\/users\/1"}],"replies":[{"embeddable":true,"href":"https:\/\/objectif-inclusion-decines.com\/index.php\/wp-json\/wp\/v2\/comments?post=108"}],"version-history":[{"count":20,"href":"https:\/\/objectif-inclusion-decines.com\/index.php\/wp-json\/wp\/v2\/pages\/108\/revisions"}],"predecessor-version":[{"id":674,"href":"https:\/\/objectif-inclusion-decines.com\/index.php\/wp-json\/wp\/v2\/pages\/108\/revisions\/674"}],"wp:attachment":[{"href":"https:\/\/objectif-inclusion-decines.com\/index.php\/wp-json\/wp\/v2\/media?parent=108"}],"curies":[{"name":"wp","href":"https:\/\/api.w.org\/{rel}","templated":true}]}}